(m) = 34*m. Let i be a(4). Let b = i - 48. Calculate the remainder when b is divided by z.
13
Suppose 33*v - 29731 = -29434. Let x(k) = -k - 4. Let s be x(-7). Suppose -s*g + 4*g - 7 = 0. Calculate the remainder when v is divided by g.
2
Calculate the remainder when ((0 - 214) + -1)*6*7/(-21) is divided by 68.
22
Let d(b) = -38*b + 2325. What is the remainder when d(60) is divided by 27?
18
Suppose -p = p - 48. Let d(q) = 229 + 89 - 20 + 2 + 14 - 11*q. What is the remainder when d(23) is divided by p?
13
Suppose 2*d - 26*d = 21*d - 65700. What is the remainder when d is divided by 121?
8
Suppose 2*m - 4*m = -152. Suppose -2*r - 6 + m = 0. Calculate the remainder when -13 - (12 + 387/(-3)) is divided by r.
34
Let b = 4771 - 4684. Calculate the remainder when b is divided by 48.
39
Suppose -93 = -5*p - 13. Suppose -o = 5*b - 20, 2*o = -2*o - 5*b + 20. Suppose o*y - 5*n + 44 = 3*y, y - n = 12. Calculate the remainder when p is divided by y.
3
Calculate the remainder when ((-666)/(-30))/(((-1023)/(-110))/31) is divided by 8.
2
Let q = 7 - 4. Let s be -5 + q + 1 - -798. Suppose -2*u = -4*z - u + s, -3*z + u = -598. Calculate the remainder when z is divided by 40.
39
Let d(r) = -14*r**3 - 15*r - 12. What is the remainder when d(-3) is divided by 54?
33
Let n = 2769 + -2755. What is the remainder when 657 is divided by n?
13
Suppose b - 120 = -2*h, 6 - 10 = 2*h. Calculate the remainder when b is divided by 23.
9
Let c(p) = p**3 - 19*p**2 - 75*p + 26. What is the remainder when c(23) is divided by 102?
9
Suppose 0 = 5*j - 2*a - 501, 14*a + 2 = 15*a. Calculate the remainder when 601 is divided by j.
96
Let r(b) = b**3 - 15*b**2 + 35*b - 52. What is the remainder when 129 is divided by r(13)?
64
Suppose 1 = 5*y - 3*j - 6, -y + 2*j = 0. Calculate the remainder when 46 - (-15)/5 - y is divided by 5.
2
What is the remainder when 44 is divided by (-515)/(-35) - (6 - ((-90)/(-21) + 2))?
14
Let c = 101 - 98. Suppose -3*g = -c, 3*k = k + 5*g + 29. What is the remainder when 36 is divided by k?
2
Suppose 292043 + 9850 = 106*d - 180301. Calculate the remainder when d is divided by 5.
4
Let b = 3 + -5. Let d(x) = x**3 + 5*x**2 + x + 16. Calculate the remainder when 33 + (-4 - (-4 + b)) is divided by d(-5).
2
Let a = 49 + 85. Calculate the remainder when (1/(5/(-15)))/((-3)/a) is divided by 23.
19
Let s(q) be the second derivative of -q**3/2 + 59*q**2/2 + 100*q. Suppose -3*y + 225 + 6 = 0. What is the remainder when y is divided by s(13)?
17
Let c = 29 - 21. Suppose 6*g = -c + 32. Calculate the remainder when (-4)/((-47)/70 - g/(-7)) is divided by 13.
1
Let o = -91 - -278. Let l = 17 - 8. Let h = l + 38. Calculate the remainder when o is divided by h.
46
Let m = -58 - -66. Suppose m*h = 3*h + 40. Suppose 4*x - 84 = -h*x. Calculate the remainder when 25 is divided by x.
4
Suppose -6560 = 89*s - 11939 - 8149. What is the remainder when 236 is divided by s?
84
Let g(c) = c**3 - 13*c**2 - 31*c + 76. Calculate the remainder when 106 is divided by g(15).
45
Let g be (-42 - -45) + (-1 + 2 - 100). Let s = g + 108. What is the remainder when 32 is divided by s?
8
Suppose 2*d = -4*m + 72, -d + 13*m - 18*m + 63 = 0. What is the remainder when 390 is divided by d?
12
Suppose -2*q - 1 = -147. Suppose -5*p + 2*h = -h - 200, -2*h = -5*p + 195. What is the remainder when q is divided by p?
36
Let n(l) = -l**3 - 8*l**2 - 11*l + 8. Let q(i) = 23*i - 121. Let s be q(5). Let o = 15 - 9. Calculate the remainder when o is divided by n(s).
0
Let r(l) = -2*l + 4. Let b = 27 - 23. Suppose 0 = -b*y, q - y + 4 = -3*q. What is the remainder when r(q) is divided by 3?
0
Let h = -540 + 537. Calculate the remainder when (392/(-210) + (-2)/h)*-25 is divided by 8.
6
Let o(v) = 2*v**2 + 45*v - 62. What is the remainder when o(-64) is divided by 101?
99
Let b(w) = -205*w - 45. Let s be b(-2). Suppose -7*g + 12*g - s = 0. Calculate the remainder when g is divided by 33.
7
Suppose 0 = -4*x + 21*x - 721 + 364. Let w = -7 - -12. What is the remainder when (-2)/w + 624/10 is divided by x?
20
Suppose -f - 6 = 0, -2*f + 929 = 2*a + 445. Calculate the remainder when 878 is divided by a.
134
Let r(d) = 7*d**2 - 2*d - 4. Let m be (1188/(-88))/(3/(-2)). Suppose 0 = -m*w - 82 + 244. Calculate the remainder when r(3) is divided by w.
17
Let r = 1496 + -1144. Calculate the remainder when r is divided by 24.
16
Suppose -4*b - d + 33 = 0, 0*b + d + 48 = 5*b. Let g = b - 3. What is the remainder when -3 + 55 - (-14 + 21) is divided by g?
3
Suppose -785 - 2123 = -85*r - 613. Let q = 187 - 61. What is the remainder when q is divided by r?
18
Suppose -q = w - 3, q - 4*q + 1 = w. Let o be 74/((q - 0) + 3). Suppose -4*g + o = -75. Calculate the remainder when g is divided by 10.
8
Let u(l) = -6*l**3 + 2*l**2 - 4*l. Let n(g) = -5227*g + 20936. Calculate the remainder when u(-3) is divided by n(4).
24
Suppose 0 = -3*y - 12, -2*k + 37*y + 1206 = 42*y. What is the remainder when k is divided by 200?
13
Suppose -p = -0*p + 5. Suppose -6*x + 12 = -5*x. What is the remainder when 23/(p/20*(-4 + 0)) is divided by x?
11
Let l(g) = -g**3 - 16*g**2 - 20*g - 2. Let i(y) = -2*y**2 + 11*y - 9. Let m be i(6). Let w = -284 - -321. What is the remainder when l(m) is divided by w?
36
Let x(j) = 7*j - 35. Let s be x(-14). Let z = s - -183. Let g = 20 - 6. What is the remainder when z is divided by g?
8
Suppose 2*u - 154 = z, -5*u + 295 = -3*z - 87. Calculate the remainder when u is divided by 21.
17
Suppose -2*w + 16 = -2*z + 6*z, z = w + 7. Suppose -z*p + 19*p = 504. Calculate the remainder when 251 is divided by p.
35
Suppose -1144120 - 824841 = -309*z + 273761. Calculate the remainder when z is divided by 12.
10
Let d(u) = -u**3 + 25*u**2 - 117*u - 77. What is the remainder when 35774 is divided by d(8)?
74
Let w = 19258 - 18461. What is the remainder when w is divided by 21?
20
Suppose -23 = -2*d - 25. Let j(l) = l - 2. What is the remainder when (d/2 + 1)*26 is divided by j(4)?
1
Let r = 41 + -22. Calculate the remainder when 449 is divided by r.
12
Suppose -19*l = -10159 + 868. Let g = l + -482. Calculate the remainder when 130 is divided by g.
4
Let o(x) = -58*x - 428. Calculate the remainder when 292 is divided by o(-9).
10
Suppose -7*z = -5*z + 66. Let l = z - -40. Suppose 4*p - 20 = -4*y + 8, -p - 5*y + l = 0. Calculate the remainder when 12 is divided by p.
5
Calculate the remainder when 33/12 - (-104226)/232 is divided by 121.
89
Let b(i) = 2*i**3 - 28*i**2 + 106*i + 10. What is the remainder when b(10) is divided by 38?
4
Let z = 8571 - 7703. What is the remainder when z is divided by 146?
138
Let q = -132 + 134. Suppose 5*r - q*u - 27 = 2*r, -9 = -r - u. What is the remainder when r is divided by 8?
1
Suppose 8*f - 3 - 13 = 0. Suppose -f = -6*z + 22. What is the remainder when 46 is divided by 15 + (-1 - 1) + z?
12
Suppose 0 = 187*p - 3182 - 2615. Let y(t) = -t**3 - 3*t**2 - 4*t - 4. What is the remainder when p is divided by y(-3)?
7
Suppose -a - 137 = -2*a - n, 4*n = 3*a - 411. Calculate the remainder when a is divided by (30/4)/((6/77)/(176/484)).
32
Let k(y) = -478*y - 8539. What is the remainder when k(-22) is divided by 134?
101
Suppose -6*m - 441 + 69 = 0. Let d = -42 - m. Suppose -d = -16*v + 236. Calculate the remainder when v is divided by 9.
7
Suppose 0 = -34*b + 17*b + 13005. What is the remainder when b is divided by 244?
33
Let j = -252 + 340. What is the remainder when j is divided by 0 + 15/((-90)/(-276))?
42
Let i = -5128 - -5293. What is the remainder when i is divided by 46?
27
Let u(w) = -w**3 - 30*w**2 - 27*w + 68. Let d be u(-29). Calculate the remainder when 39 is divided by (-180)/(-14) + 11/770*d.
0
Suppose -5*z - 4*d + 22485 = 0, 3*z - 5405 = d + 8069. Calculate the remainder when z is divided by 107.
106
Let h(q) = q**3 - 19*q**2 - q + 55. Suppose 133 = 49*v - 42*v. What is the remainder when h(v) is divided by 10?
6
Let q = -330 + 333. Suppose -3*n - 50 = x - 167, 0 = -q*x + 2*n + 373. Calculate the remainder when x is divided by 16.
11
Suppose 2*t = -2*y + 28, 4*y = 5*y - t - 24. Let x(s) = 10*s - 145. What is the remainder when 313 is divided by x(y)?
43
Let s = -563 + 791. Calculate the remainder when s is divided by 63.
39
Let c = 45 - 36. Let z be (-281)/4*(-36)/c. Suppose -13*t + 382 = 